
1
What is the remainder when 2048 is divided by 57?
53
Calculate the remainder when 1466 is divided by 46.
40
What is the remainder when 2229 is divided by 248?
245
Calculate the remainder when 155 is divided by 73.
9
Calculate the remainder when 450 is divided by 57.
51
Calculate the remainder when 192 is divided by 32.
0
What is the remainder when 112 is divided by 92?
20
Calculate the remainder when 411 is divided by 63.
33
Calculate the remainder when 118 is divided by 3.
1
Calculate the remainder when 536 is divided by 258.
20
Calculate the remainder when 11924 is divided by 213.
209
What is the remainder when 276 is divided by 3?
0
What is the remainder when 175 is divided by 26?
19
Calculate the remainder when 65 is divided by 19.
8
Calculate the remainder when 1570 is divided by 37.
16
Calculate the remainder when 257 is divided by 161.
96
What is the remainder when 194 is divided by 32?
2
Calculate the remainder when 349 is divided by 27.
25
Calculate the remainder when 2084 is divided by 354.
314
What is the remainder when 425 is divided by 9?
2
What is the remainder when 196 is divided by 68?
60
Calculate the remainder when 2259 is divided by 2244.
15
Calculate the remainder when 298 is divided by 61.
54
What is the remainder when 464 is divided by 36?
32
What is the remainder when 314 is divided by 74?
18
Calculate the remainder when 636 is divided by 157.
8
Calculate the remainder when 124 is divided by 46.
32
What is the remainder when 193 is divided by 13?
11
What is the remainder when 260 is divided by 33?
29
What is the remainder when 494 is divided by 83?
79
What is the remainder when 6062 is divided by 379?
377
What is the remainder when 1169 is divided by 84?
77
What is the remainder when 197 is divided by 144?
53
What is the remainder when 764 is divided by 252?
8
Calculate the remainder when 11338 is divided by 17.
16
Calculate the remainder when 1306 is divided by 426.
28
Calculate the remainder when 369 is divided by 2.
1
Calculate the remainder when 46 is divided by 10.
6
What is the remainder when 27 is divided by 8?
3
Calculate the remainder when 728 is divided by 50.
28
What is the remainder when 355 is divided by 21?
19
What is the remainder when 125 is divided by 28?
13
What is the remainder when 4766 is divided by 18?
14
Calculate the remainder when 389 is divided by 101.
86
Calculate the remainder when 2731 is divided by 44.
3
Calculate the remainder when 2617 is divided by 14.
13
Calculate the remainder when 24 is divided by 22.
2
What is the remainder when 115 is divided by 29?
28
What is the remainder when 552 is divided by 79?
78
What is the remainder when 627 is divided by 142?
59
Calculate the remainder when 104 is divided by 38.
28
Calculate the remainder when 29 is divided by 23.
6
Calculate the remainder when 174 is divided by 59.
56
What is the remainder when 922 is divided by 66?
64
What is the remainder when 469 is divided by 59?
56
Calculate the remainder when 511 is divided by 32.
31
What is the remainder when 40 is divided by 29?
11
Calculate the remainder when 12427 is divided by 55.
52
What is the remainder when 646 is divided by 36?
34
What is the remainder when 1029 is divided by 267?
228
What is the remainder when 25452 is divided by 26?
24
Calculate the remainder when 1974 is divided by 76.
74
What is the remainder when 97 is divided by 10?
7
Calculate the remainder when 235 is divided by 24.
19
Calculate the remainder when 315 is divided by 79.
78
What is the remainder when 1492 is divided by 23?
20
Calculate the remainder when 93 is divided by 85.
8
What is the remainder when 307 is divided by 211?
96
What is the remainder when 37405 is divided by 14?
11
What is the remainder when 856 is divided by 43?
39
Calculate the remainder when 190 is divided by 15.
10
What is the remainder when 351 is divided by 158?
35
What is the remainder when 3944 is divided by 55?
39
Calculate the remainder when 45 is divided by 10.
5
Calculate the remainder when 165 is divided by 9.
3
What is the remainder when 1348 is divided by 54?
52
What is the remainder when 12 is divided by 11?
1
What is the remainder when 15123 is divided by 125?
123
Calculate the remainder when 1510 is divided by 89.
86
What is the remainder when 4334 is divided by 160?
14
What is the remainder when 308 is divided by 297?
11
What is the remainder when 465 is divided by 141?
42
Calculate the remainder when 204 is divided by 187.
17
What is the remainder when 581 is divided by 99?
86
Calculate the remainder when 58 is divided by 10.
8
Calculate the remainder when 757 is divided by 374.
9
What is the remainder when 154 is divided by 149?
5
Calculate the remainder when 474 is divided by 159.
156
Calculate the remainder when 364 is divided by 98.
70
What is the remainder when 382 is divided by 20?
2
What is the remainder when 522 is divided by 16?
10
What is the remainder when 1422 is divided by 56?
22
Calculate the remainder when 64 is divided by 18.
10
What is the remainder when 13 is divided by 10?
3
What is the remainder when 76492 is divided by 183?
181
Calculate the remainder when 154 is divided by 67.
20
What is the remainder when 38 is divided by 12?
2
What is the remainder when 681 is divided by 28?
9
What is the remainder when 354 is divided by 18?
12
What is the remainder when 7461 is divided by 182?
181
Calculate the remainder when 1630 is divided by 36.
10
Calculate the remainder when 2214 is divided by 1105.
4
Calculate the remainder when 1801 is divided by 2.
1
What is the remainder when 220 is divided by 17?
16
Calculate the remainder when 372 is divided by 17.
15
What is the remainder when 483 is divided by 146?
45
What is the remainder when 169 is divided by 5?
4
Calculate the remainder when 75 is divided by 16.
11
What is the remainder when 257 is divided by 44?
37
What is the remainder when 91 is divided by 66?
25
What is the remainder when 148 is divided by 59?
30
Calculate the remainder when 2289 is divided by 2283.
6
What is the remainder when 81 is divided by 33?
15
Calculate the remainder when 310 is divided by 100.
10
Calculate the remainder when 872 is divided by 79.
3
What is the remainder when 999 is divided by 341?
317
Calculate the remainder when 988 is divided by 14.
8
Calculate the remainder when 410 is divided by 46.
42
What is the remainder when 64 is divided by 53?
11
Calculate the remainder when 3275 is divided by 184.
147
Calculate the remainder when 171 is divided by 36.
27
What is the remainder when 296 is divided by 99?
98
What is the remainder when 23 is divided by 12?
11
What is the remainder when 1042 is divided by 165?
52
What is the remainder when 1236 is divided by 156?
144
Calculate the remainder when 39 is divided by 23.
16
Calculate the remainder when 328 is divided by 25.
3
What is the remainder when 1576 is divided by 392?
8
What is the remainder when 309 is divided by 31?
30
What is the remainder when 49 is divided by 17?
15
Calculate the remainder when 28539 is divided by 134.
131
Calculate the remainder when 174 is divided by 26.
18
Calculate the remainder when 238 is divided by 20.
18
Calculate the remainder when 91 is divided by 53.
38
What is the remainder when 113 is divided by 46?
21
What is the remainder when 14 is divided by 1?
0
What is the remainder when 738 is divided by 6?
0
Calculate the remainder when 221 is divided by 14.
11
Calculate the remainder when 25 is divided by 17.
8
What is the remainder when 627 is divided by 108?
87
What is the remainder when 3971 is divided by 61?
6
What is the remainder when 142 is divided by 127?
15
What is the remainder when 851 is divided by 57?
53
Calculate the remainder when 6517 is divided by 5.
2
What is the remainder when 648 is divided by 65?
63
Calculate the remainder when 1393 is divided by 28.
21
What is the remainder when 131 is divided by 40?
11
Calculate the remainder when 15027 is divided by 3753.
15
What is the remainder when 92 is divided by 32?
28
What is the remainder when 80 is divided by 15?
5
What is the remainder when 14118 is divided by 8?
6
What is the remainder when 57 is divided by 36?
21
What is the remainder when 244 is divided by 131?
113
Calculate the remainder when 262 is divided by 108.
46
Calculate the